

{"id":523,"date":"2014-01-20T13:49:48","date_gmt":"2014-01-20T12:49:48","guid":{"rendered":"http:\/\/www.drd-software.hu\/?post_type=product&#038;p=523"},"modified":"2018-06-07T13:51:53","modified_gmt":"2018-06-07T12:51:53","slug":"dkw-modul-afa-export","status":"publish","type":"product","link":"https:\/\/www.drd-software.com\/?product=dkw-modul-afa-export","title":{"rendered":"DKW modul \u00c1FA export"},"content":{"rendered":"<h3>\u00c1FA export modul \u00c1NYK fel\u00e9 (65 \u00e9s A60 nyomtatv\u00e1nyok kit\u00f6lt\u00e9s\u00e9hez)<\/h3>\n<p>Ezzel a modullal lehet\u0151s\u00e9ge ny\u00edlik arra, hogy a monoton, de odafigyel\u00e9st ig\u00e9nyl\u0151 bevall\u00e1s elk\u00e9sz\u00edt\u00e9st nagym\u00e9rt\u00e9kben felgyors\u00edtsa, egyszer\u0171s\u00edtse. Elegend\u0151 az \u00e9v elej\u00e9n be\u00e1ll\u00edtani a bevall\u00e1snak megfelel\u0151 param\u00e9tereket a rendszerben, \u00e9s mindaddig, m\u00edg a c\u00e9g sz\u00e1mlat\u00fckr\u00e9n nem v\u00e1ltoztat, csak \u00e1t kell adnia az adatokat az \u00c1NYK-nak.<\/p>\n<p>Ezzel rengeteg id\u0151t (vagyis \u00e9l\u0151 munkaer\u0151t) takar\u00edthat meg, k\u00f6lts\u00e9ghat\u00e9konyabb\u00e1 t\u00e9ve irod\u00e1ja m\u0171k\u00f6d\u00e9s\u00e9t.<\/p>\n<p>A program amellett, hogy \u00e1tadja a 65-\u00f6s \u00e9s A60-as nyomtatv\u00e1nyoknak az adatokat, ezeknek megfelel\u0151, \u00e1ttekinthet\u0151 list\u00e1kat k\u00e9sz\u00edt, k\u00f6nny\u0171v\u00e9 t\u00e9ve ezzel az ellen\u0151rz\u00e9st.<\/p>\n<p>Figyelem! A nyomtatv\u00e1nyok friss\u00edt\u00e9si d\u00edja minden \u00e9vben janu\u00e1r h\u00f3napban esed\u00e9kes (f\u00fcggetlen\u00fcl att\u00f3l, hogy programja melyik h\u00f3napban \u00e9vfordul\u00f3s), annak m\u00e9rt\u00e9ke \u00e9vi 5000 Ft + \u00c1FA.<\/p>\n","protected":false},"excerpt":{"rendered":"<p>\u00c1FA export modul \u00c1NYK fel\u00e9 (65 \u00e9s A60 nyomtatv\u00e1nyok kit\u00f6lt\u00e9s\u00e9hez) Ezzel a modullal lehet\u0151s\u00e9ge ny\u00edlik arra, hogy a monoton, de odafigyel\u00e9st ig\u00e9nyl\u0151 bevall\u00e1s elk\u00e9sz\u00edt\u00e9st nagym\u00e9rt\u00e9kben felgyors\u00edtsa, egyszer\u0171s\u00edtse. Elegend\u0151 az \u00e9v elej\u00e9n be\u00e1ll\u00edtani a bevall\u00e1snak megfelel\u0151 param\u00e9tereket a rendszerben, \u00e9s mindaddig, m\u00edg a c\u00e9g sz\u00e1mlat\u00fckr\u00e9n nem v\u00e1ltoztat, csak \u00e1t kell adnia az adatokat az \u00c1NYK-nak. Ezzel rengeteg id\u0151t (vagyis \u00e9l\u0151 munkaer\u0151t) takar\u00edthat meg, k\u00f6lts\u00e9ghat\u00e9konyabb\u00e1 t\u00e9ve irod\u00e1ja m\u0171k\u00f6d\u00e9s\u00e9t. A program amellett, hogy \u00e1tadja a 65-\u00f6s \u00e9s A60-as nyomtatv\u00e1nyoknak az adatokat, ezeknek megfelel\u0151, \u00e1ttekinthet\u0151 list\u00e1kat k\u00e9sz\u00edt, k\u00f6nny\u0171v\u00e9 t\u00e9ve ezzel az ellen\u0151rz\u00e9st. Figyelem! A nyomtatv\u00e1nyok friss\u00edt\u00e9si d\u00edja minden \u00e9vben janu\u00e1r [&hellip;]<\/p>\n","protected":false},"featured_media":512,"comment_status":"closed","ping_status":"closed","template":"","meta":[],"product_brand":[],"product_cat":[41,36],"product_tag":[],"class_list":{"0":"post-523","1":"product","2":"type-product","3":"status-publish","4":"has-post-thumbnail","6":"product_cat-dkwmodul","7":"product_cat-kettos","9":"first","10":"instock","11":"taxable","12":"shipping-taxable","13":"purchasable","14":"product-type-simple"},"_links":{"self":[{"href":"https:\/\/www.drd-software.com\/index.php?rest_route=\/wp\/v2\/product\/523","targetHints":{"allow":["GET"]}}],"collection":[{"href":"https:\/\/www.drd-software.com\/index.php?rest_route=\/wp\/v2\/product"}],"about":[{"href":"https:\/\/www.drd-software.com\/index.php?rest_route=\/wp\/v2\/types\/product"}],"replies":[{"embeddable":true,"href":"https:\/\/www.drd-software.com\/index.php?rest_route=%2Fwp%2Fv2%2Fcomments&post=523"}],"wp:featuredmedia":[{"embeddable":true,"href":"https:\/\/www.drd-software.com\/index.php?rest_route=\/wp\/v2\/media\/512"}],"wp:attachment":[{"href":"https:\/\/www.drd-software.com\/index.php?rest_route=%2Fwp%2Fv2%2Fmedia&parent=523"}],"wp:term":[{"taxonomy":"product_brand","embeddable":true,"href":"https:\/\/www.drd-software.com\/index.php?rest_route=%2Fwp%2Fv2%2Fproduct_brand&post=523"},{"taxonomy":"product_cat","embeddable":true,"href":"https:\/\/www.drd-software.com\/index.php?rest_route=%2Fwp%2Fv2%2Fproduct_cat&post=523"},{"taxonomy":"product_tag","embeddable":true,"href":"https:\/\/www.drd-software.com\/index.php?rest_route=%2Fwp%2Fv2%2Fproduct_tag&post=523"}],"curies":[{"name":"wp","href":"https:\/\/api.w.org\/{rel}","templated":true}]}}