

{"id":421,"date":"2014-01-18T15:22:45","date_gmt":"2014-01-18T14:22:45","guid":{"rendered":"http:\/\/www.drd-software.hu\/?page_id=421"},"modified":"2014-01-21T03:46:02","modified_gmt":"2014-01-21T02:46:02","slug":"konyvelo-iroda-csomag","status":"publish","type":"page","link":"https:\/\/www.drd-software.com\/?page_id=421","title":{"rendered":"K\u00f6nyvel\u0151 Iroda Csomag"},"content":{"rendered":"<p style=\"text-align: left;\"><em><strong><span style=\"font-size: 12pt;\">Ez a csomagunk kifejezetten k\u00f6nyvel\u0151 irod\u00e1k sz\u00e1m\u00e1ra k\u00e9sz\u00fclt.<\/span><\/strong><\/em><\/p>\n<p style=\"text-align: left;\"><span style=\"font-size: 10pt;\"><strong>Tartalmazza a k\u00f6vetkez\u0151 term\u00e9keket<\/strong> (<strong><span style=\"color: #ff0000;\">a term\u00e9k nev\u00e9re kattintva megnyithatja annak r\u00e9szletes le\u00edr\u00e1s\u00e1t vagy let\u00f6ltheti a programot<\/span><\/strong>):<\/span><\/p>\n<table style=\"margin-left: auto; margin-right: auto;\" border=\"0\" frame=\"box\">\n<tbody>\n<tr>\n<td><img decoding=\"async\" class=\"aligncenter\" style=\"margin: 4px;\" alt=\"konyveles\" src=\"images\/konyveles250x250.png\" \/><\/td>\n<td>\n<h3><a title=\"DKON Kett\u0151s k\u00f6nyvel\u0151 program\" href=\"http:\/\/www.drd-software.com\/?page_id=332\">DKonWIN &#8211; kett\u0151s k\u00f6nyvel\u0151 program (b\u0151vebben&#8230;)<\/a><\/h3>\n<ul class=\"checklist\">\n<li>korl\u00e1tlan c\u00e9g, korl\u00e1ltlan bizonylat<\/li>\n<li>t\u00e1rgyi eszk\u00f6z nyilv\u00e1ntart\u00e1s, \u00c9CS elsz\u00e1mol\u00e1s SzTv \u00e9s TAO szerint<\/li>\n<li>f\u0151k\u00f6nyvi kivonat t\u00f6bb nyelven<\/li>\n<li>deviza k\u00f6nyvel\u00e9s kezel\u00e9se<\/li>\n<li>p\u00e9nzt\u00e1rak: forint \u00e9s deviza<\/li>\n<li>t\u00f6bb p\u00e9nzt\u00e1r kezel\u00e9se, g\u00e9pi bev\u00e9teli\/kiad\u00e1si bizonylatok,<br \/>\np\u00e9nzt\u00e1rjelent\u00e9s<\/li>\n<li>\u00c1FA kimutat\u00e1sok t\u00f6bb szempont szerint<\/li>\n<li>deviza kiad\u00e1sok automatikus s\u00falyoz\u00e1sa \u00e1tlag\u00e1rfolyamhoz<\/li>\n<li>besz\u00e1mol\u00f3hoz eredm\u00e9nykimutat\u00e1s\/m\u00e9rleg nyomtat\u00e1s<\/li>\n<li>be\u00e9p\u00edtett ellen\u0151rz\u0151 funkci\u00f3k<\/li>\n<\/ul>\n<\/td>\n<\/tr>\n<tr>\n<td style=\"text-align: center;\"><img decoding=\"async\" class=\"aligncenter\" style=\"margin: 4px;\" alt=\"berszamfejtes\" src=\"images\/berszamfejtes250x250.png\" \/><\/td>\n<td>\n<h3><a title=\"DB\u00c9R b\u00e9rsz\u00e1mfejt\u0151 program\" href=\"http:\/\/www.drd-software.com\/?page_id=272\">Db\u00e9rWIN &#8211; b\u00e9rsz\u00e1mfejt\u0151 rendszer (b\u0151vebben&#8230;)<\/a><\/h3>\n<ul class=\"checklist\">\n<li>korl\u00e1tlan sz\u00e1m\u00fa c\u00e9g \u00e9s dolgoz\u00f3<\/li>\n<li>egyszer\u0171s\u00edtett foglalkoztat\u00e1s automata kezel\u00e9se, igazol\u00e1sokkal,<br \/>\nszerz\u0151d\u00e9s nyomtat\u00e1ssal<\/li>\n<li>munk\u00e1ltat\u00f3i igazol\u00e1sok (j\u00f6vedelem, kil\u00e9p\u0151 stb.)<\/li>\n<li>bevall\u00e1s export<\/li>\n<li>M30, M29<\/li>\n<li>tart\u00e1si k\u00f6telezetts\u00e9gek kezel\u00e9se<\/li>\n<li>r\u00e9szletes munkaid\u0151 nyilv\u00e1ntart\u00e1s<\/li>\n<li>sok el\u0151re programozott kifizet\u00e9si \/ levon\u00e1si jogc\u00edm, mely<br \/>\ntestreszabhat\u00f3<\/li>\n<\/ul>\n<\/td>\n<\/tr>\n<tr>\n<td><img decoding=\"async\" class=\"aligncenter\" style=\"margin: 4px;\" alt=\"bevetelinyilv\" src=\"images\/beveteli_nyilv250x250.png\" \/><\/td>\n<td>\n<h3>\u00a0<a title=\"DEGY Egyszeres k\u00f6nyvel\u0151 program\" href=\"http:\/\/www.drd-software.com\/?page_id=329\">DegyWIN &#8211; egyszeres k\u00f6nyvel\u00e9s (b\u0151vebben&#8230;)<\/a><\/h3>\n<ul class=\"checklist\">\n<li>napl\u00f3f\u0151k\u00f6nyv \/ p\u00e9nzt\u00e1rk\u00f6nyv<\/li>\n<li>t\u00e1rgyi eszk\u00f6z nyilv\u00e1tart\u00e1s<\/li>\n<li>t\u00f6bb p\u00e9nzt\u00e1r kezel\u00e9se, g\u00e9pi bev\u00e9teli\/kiad\u00e1si bizonylatok,<br \/>\np\u00e9nzt\u00e1rjelent\u00e9s<\/li>\n<li>t\u00f6bb banksz\u00e1mla kezel\u00e9se<\/li>\n<li>sz\u00e1mla analitika<\/li>\n<li>gy\u0171jt\u0151k\u00f3dos lek\u00e9rdez\u00e9s (kett\u0151sh\u00f6z hasonl\u00f3 karton)<\/li>\n<li>mnkasz\u00e1mok kezel\u00e9se<\/li>\n<li>eredm\u00e9nykimutat\u00e1s<\/li>\n<li>\u00c1FA analaitika<\/li>\n<li>ford\u00edtott \u00c1FA kezel\u00e9s<\/li>\n<\/ul>\n<\/td>\n<\/tr>\n<\/tbody>\n<\/table>\n<p>&nbsp;<\/p>\n<p style=\"margin-top: 0px; margin-bottom: 0px; text-align: left;\"><span style=\"font-size: 10pt;\">A csomag annyiban k\u00fcl\u00f6nb\u00f6zik az \u00f6n\u00e1ll\u00f3an is megrendelhet\u0151 term\u00e9kekt\u0151l, hogy j\u00f3val kedvez\u0151bb \u00e1ron biztos\u00edtja egy\u00fctt valamennyit.A Db\u00e9rWIN program \u00f6nm\u0171k\u00f6d\u0151en \u00e1tk\u00f6nyvel a DkonWIN kett\u0151s k\u00f6nyvel\u0151 programba.<\/span><\/p>\n<p>&nbsp;<\/p>\n<p style=\"margin-top: 0px; margin-bottom: 0px; text-align: left;\"><span style=\"font-size: 10pt;\">A csomag megv\u00e1s\u00e1rl\u00e1sakor \u00d6n kap egy telep\u00edt\u0151 CD-t, licenc k\u00e1rty\u00e1t, k\u00e9zik\u00f6nyvet valamennyi, a csomagban szerepl\u0151 term\u00e9khez. A megadott \u00e1r 1 \u00e9v friss\u00edt\u00e9st tartalmaz mindegyik programra vonatkoz\u00f3an. Att\u00f3l f\u00fcggetlen\u00fcl, hogy \u00d6n csomagban (kedvezm\u00e9nyesen) rendeli meg a programokat, azok friss\u00edt\u00e9s\u00e9t egyedileg d\u00f6ntheti el, hogy a k\u00e9s\u0151bbiekben k\u00edv\u00e1nja-e tov\u00e1bbvinni (pl. csak a kett\u0151s \u00e9s b\u00e9r program friss\u00edt\u00e9s\u00e9t k\u00e9ri, mert m\u00e1r nincs egyszeres \u00fcgyfele).<\/span><\/p>\n<p>&nbsp;<\/p>\n<p style=\"margin-top: 0px; margin-bottom: 0px; text-align: left;\"><a href=\"http:\/\/www.drd-software.com\/?product_cat=csomag\">Term\u00e9k megrendel\u00e9s\u00e9hez, illetve az \u00e1rak megtekint\u00e9s\u00e9hez kattintson ide<\/a><\/p>\n","protected":false},"excerpt":{"rendered":"<p>Ez a csomagunk kifejezetten k\u00f6nyvel\u0151 irod\u00e1k sz\u00e1m\u00e1ra k\u00e9sz\u00fclt. Tartalmazza a k\u00f6vetkez\u0151 term\u00e9keket (a term\u00e9k nev\u00e9re kattintva megnyithatja annak r\u00e9szletes le\u00edr\u00e1s\u00e1t vagy let\u00f6ltheti a programot): DKonWIN &#8211; kett\u0151s k\u00f6nyvel\u0151 program (b\u0151vebben&#8230;) korl\u00e1tlan c\u00e9g, korl\u00e1ltlan bizonylat t\u00e1rgyi eszk\u00f6z nyilv\u00e1ntart\u00e1s, \u00c9CS elsz\u00e1mol\u00e1s SzTv \u00e9s TAO szerint f\u0151k\u00f6nyvi kivonat t\u00f6bb nyelven deviza k\u00f6nyvel\u00e9s kezel\u00e9se p\u00e9nzt\u00e1rak: forint \u00e9s deviza t\u00f6bb p\u00e9nzt\u00e1r kezel\u00e9se, g\u00e9pi bev\u00e9teli\/kiad\u00e1si bizonylatok, p\u00e9nzt\u00e1rjelent\u00e9s \u00c1FA kimutat\u00e1sok t\u00f6bb szempont szerint deviza kiad\u00e1sok automatikus s\u00falyoz\u00e1sa \u00e1tlag\u00e1rfolyamhoz besz\u00e1mol\u00f3hoz eredm\u00e9nykimutat\u00e1s\/m\u00e9rleg nyomtat\u00e1s be\u00e9p\u00edtett ellen\u0151rz\u0151 funkci\u00f3k Db\u00e9rWIN &#8211; b\u00e9rsz\u00e1mfejt\u0151 rendszer (b\u0151vebben&#8230;) korl\u00e1tlan sz\u00e1m\u00fa c\u00e9g \u00e9s dolgoz\u00f3 egyszer\u0171s\u00edtett foglalkoztat\u00e1s automata kezel\u00e9se, igazol\u00e1sokkal, szerz\u0151d\u00e9s nyomtat\u00e1ssal munk\u00e1ltat\u00f3i igazol\u00e1sok [&hellip;]<\/p>\n","protected":false},"author":3,"featured_media":0,"parent":0,"menu_order":0,"comment_status":"closed","ping_status":"open","template":"","meta":{"footnotes":""},"class_list":["post-421","page","type-page","status-publish","hentry"],"_links":{"self":[{"href":"https:\/\/www.drd-software.com\/index.php?rest_route=\/wp\/v2\/pages\/421","targetHints":{"allow":["GET"]}}],"collection":[{"href":"https:\/\/www.drd-software.com\/index.php?rest_route=\/wp\/v2\/pages"}],"about":[{"href":"https:\/\/www.drd-software.com\/index.php?rest_route=\/wp\/v2\/types\/page"}],"author":[{"embeddable":true,"href":"https:\/\/www.drd-software.com\/index.php?rest_route=\/wp\/v2\/users\/3"}],"replies":[{"embeddable":true,"href":"https:\/\/www.drd-software.com\/index.php?rest_route=%2Fwp%2Fv2%2Fcomments&post=421"}],"version-history":[{"count":0,"href":"https:\/\/www.drd-software.com\/index.php?rest_route=\/wp\/v2\/pages\/421\/revisions"}],"wp:attachment":[{"href":"https:\/\/www.drd-software.com\/index.php?rest_route=%2Fwp%2Fv2%2Fmedia&parent=421"}],"curies":[{"name":"wp","href":"https:\/\/api.w.org\/{rel}","templated":true}]}}